{"id":39,"date":"2017-04-02T18:24:55","date_gmt":"2017-04-02T16:24:55","guid":{"rendered":"http:\/\/cadancecountry28.com\/?page_id=39"},"modified":"2024-07-17T18:40:58","modified_gmt":"2024-07-17T16:40:58","slug":"accueil","status":"publish","type":"page","link":"https:\/\/cadancecountry28.com\/","title":{"rendered":"Accueil"},"content":{"rendered":"\n<div class=\"wp-block-columns alignwide is-layout-flex wp-container-core-columns-is-layout-1 wp-block-columns-is-layout-flex\">\n<div class=\"wp-block-column is-layout-flow wp-block-column-is-layout-flow\">\n<p><strong>Bienvenue sur le site <\/strong><\/p>\n\n\n\n<p><strong> Cadance Country 28  est une association de danse country.<\/strong><\/p>\n\n\n\n<p><strong>Son but est de faire d\u00e9couvrir la danse et la musique country, seul (e) ou en couple dans la bonne humeur \u00e0 travers des cours dispens\u00e9s par UNE animatrice.<\/strong><\/p>\n\n\n\n<p><strong>RYTHME ,GAITE,CONVIVIALITE<\/strong><\/p>\n\n\n\n<p><strong>UNE DANSE ACCESSIBLE A TOUS QUEL QUE SOIT L&rsquo;AGE<\/strong><\/p>\n\n\n\n<p><strong>Nous vous accueillons avec plaisir :<\/strong><\/p>\n\n\n\n<ul>\n<li>l<strong>es lundi Mardi et jeudi \u00e0 la salle des F\u00eates Paul Bri\u00e8re de Villemeux<\/strong><\/li>\n<\/ul>\n\n\n\n<p><strong>Le bureau.<\/strong><\/p>\n\n\n\n<p><\/p>\n<\/div>\n<\/div>\n\n\n\n<p><\/p>\n","protected":false},"excerpt":{"rendered":"<p>Bienvenue sur le site Cadance Country 28 est une association de danse country. Son but est de faire d\u00e9couvrir la danse et la musique country, seul (e) ou en couple dans la bonne humeur \u00e0 travers des cours dispens\u00e9s par UNE animatrice. RYTHME ,GAITE,CONVIVIALITE UNE DANSE ACCESSIBLE A TOUS QUEL QUE SOIT L&rsquo;AGE Nous vous &hellip; <\/p>\n<p class=\"link-more\"><a href=\"https:\/\/cadancecountry28.com\/\" class=\"more-link\">Continuer la lecture<span class=\"screen-reader-text\"> de &laquo;&nbsp;Accueil&nbsp;&raquo;<\/span><\/a><\/p>\n","protected":false},"author":1,"featured_media":0,"parent":0,"menu_order":0,"comment_status":"closed","ping_status":"closed","template":"","meta":{"footnotes":""},"_links":{"self":[{"href":"https:\/\/cadancecountry28.com\/index.php\/wp-json\/wp\/v2\/pages\/39"}],"collection":[{"href":"https:\/\/cadancecountry28.com\/index.php\/wp-json\/wp\/v2\/pages"}],"about":[{"href":"https:\/\/cadancecountry28.com\/index.php\/wp-json\/wp\/v2\/types\/page"}],"author":[{"embeddable":true,"href":"https:\/\/cadancecountry28.com\/index.php\/wp-json\/wp\/v2\/users\/1"}],"replies":[{"embeddable":true,"href":"https:\/\/cadancecountry28.com\/index.php\/wp-json\/wp\/v2\/comments?post=39"}],"version-history":[{"count":122,"href":"https:\/\/cadancecountry28.com\/index.php\/wp-json\/wp\/v2\/pages\/39\/revisions"}],"predecessor-version":[{"id":2890,"href":"https:\/\/cadancecountry28.com\/index.php\/wp-json\/wp\/v2\/pages\/39\/revisions\/2890"}],"wp:attachment":[{"href":"https:\/\/cadancecountry28.com\/index.php\/wp-json\/wp\/v2\/media?parent=39"}],"curies":[{"name":"wp","href":"https:\/\/api.w.org\/{rel}","templated":true}]}}